se 5*a = -17 - 18. Determine x(a).
5
Let y = 5 + -3. Let n(m) be the first derivative of -m**y + 1/3*m**3 - m - 2. What is n(-1)?
2
Let x(c) = 8*c**3 - 9*c**2 - 7*c + 10. Let d(a) = 7*a**3 - 8*a**2 - 6*a + 9. Let t(q) = 7*d(q) - 6*x(q). Calculate t(3).
12
Let s(l) = -l**3 - 1. Let x(j) be the third derivative of j**5/15 - j**4/8 + j**3/2 - 4*j**2. Let u(w) = -s(w) - x(w). Let b be 1/(-1) + 4 + -1. Determine u(b).
-4
Let j(c) = 2*c - 6 + 8 - 3*c - 19. Calculate j(0).
-17
Suppose 0 = 5*s + 4*v - 2 + 3, -5*v - 26 = -2*s. Let n be 8/(-2)*s/(-6). Suppose -n*k + 25 = 3*k. Let y(l) = 2*l - 4. What is y(k)?
6
Let s(b) be the third derivative of -b**4/12 + 2*b**3/3 - b**2. Let t(i) = -i**3 + 5*i**2 - 4*i + 4. Let p be t(4). Calculate s(p).
-4
Let i be 18/(-8)*(-8)/3. Suppose o = i*o. Let z be -1*o*(-1)/3. Let a(c) = -c**2 + c - 8. Determine a(z).
-8
Suppose -2*j + 2 = -4*j. Let t(d) be the second derivative of 3*d**4/4 + 23*d. Give t(j).
9
Let y(v) = 3*v + 1. Let m(k) = 5*k + 2. Let t(i) = -5*m(i) + 8*y(i). Let p = 6 + -4. Let c be p*(2 + -4 + 4). Determine t(c).
-6
Let y(o) = 4*o**3 + o**2 - 2*o. Let x(i) = -i**3 + i**2 + i - 1. Let l(t) = 3*x(t) + y(t). Determine l(-3).
3
Let t(v) be the third derivative of -v**8/20160 + v**7/1260 - v**6/720 + v**5/10 + v**2. Let u(s) be the third derivative of t(s). Give u(3).
2
Let k(a) = -2*a - 9. Let f = 19 + -10. Let i be 3/f*3*-6. What is k(i)?
3
Let v(t) = -6 + 1 - 3*t**3 - 6*t**2 + 4*t**3 + 8*t. Let q(i) = i**2 - 7*i + 1. Let p be q(7). Let y be 1 + (7 - p) - 2. Give v(y).
10
Let x(l) be the first derivative of -13*l**3/3 - l**2 + l + 7. Calculate x(1).
-14
Let o(u) = -u - 2. Let r(d) = 2*d + 0*d**2 + d**3 + d**2 - 3 - 4*d**2. Let c be r(2). Let f = 6 + c. Calculate o(f).
-5
Let j = -6 - 0. Let a(q) = 2*q + 7. Calculate a(j).
-5
Suppose -4*g - 4*f = -0*f - 40, 0 = g - f. Let d(j) = j. Give d(g).
5
Let a(c) be the first derivative of c**4/4 - c**3/3 - c**2/2 + 6*c - 4. Give a(0).
6
Suppose -3*r + 6 = -0*r. Suppose -5*n = -r*l + 25, -30 = -3*l + 4*n + n. Let h(g) = 0 - 7*g + 2*g - l*g**2 - 1 - g**3 + 0*g**3. Give h(-4).
3
Let z(v) be the first derivative of v**3/3 - 4*v - 11. Give z(4).
12
Let p(x) be the second derivative of -2*x**3/3 + 9*x**2/2 + 2*x + 27. Give p(6).
-15
Let q(k) = -3*k**3 - k**2 + 7*k**3 - k + 0*k**3 - 2*k**3. Let x(r) = r**3 + 5*r**2 + 3*r - 3. Let g be x(-4). Let v = g + 1. Determine q(v).
10
Let j(x) = x + 2 + 1 - x**2 - 2. Let u(c) = -6*c**2 + 6*c + 4. Let n(g) = 11*j(g) - 2*u(g). Let v(q) be the first derivative of n(q). Determine v(2).
3
Let h(k) = k**2 - 5*k. Let v be h(6). Let i(b) = b**3 - 5*b**2 - 7*b + 7. Let u be i(v). Let c(y) = 5*y**2 - y. Give c(u).
4
Suppose 0 = 2*u - 11 - 5. Let y(v) = v**2 - 9*v + 12. Let b be y(u). Let l(p) = -p**2 + 4*p - 3. What is l(b)?
-3
Let p(v) be the second derivative of 3*v**4/2 + v**3/3 + v**2/2 + 7*v. What is p(-1)?
17
Let n = 0 - -2. Let o(a) = 8*a**n + a - 3 - 13*a**2 + 3. What is o(-1)?
-6
Suppose 0 = 2*f - 5*f + 6. Suppose -4*y + 10 = -f*s, -y + 5*s + 1 = y. Let p be 63/(-12) + y/12. Let a(l) = 2*l + 6. Calculate a(p).
-4
Let f(a) be the first derivative of 0*a + 4 + 1/4*a**4 - 2/3*a**3 + 1/2*a**2. Calculate f(2).
2
Let d(z) = -2*z + 4. Let y(k) = 0 + 12*k**2 + 4 - 1 - k**3. Let f be y(12). Calculate d(f).
-2
Let v(c) be the second derivative of -c**4/12 + 5*c**3/6 + 3*c**2/2 - 4*c + 1. Give v(5).
3
Suppose j + 2 = 5. Let v = -2 + j. Let g = v + 1. Let u(y) = y**2 - y + 1. What is u(g)?
3
Suppose 0*c = 5*c + 50. Let q(d) = d**2 + 11*d + 8. Let s be q(c). Let g(j) = -3*j. Determine g(s).
6
Let a(k) = 13*k - 35 - k**3 - 39 + 8*k**2 + 65. Give a(9).
27
Let q(i) be the second derivative of i**4/12 - i**3 + i**2 - 3*i + 2. Determine q(5).
-3
Let b(i) = -i + 6. Let d(a) = a**3 - 4*a**2 + 2*a + 2. Let x be d(4). Let v = x + -10. Give b(v).
6
Let h(z) be the third derivative of z**5/60 - z**4/12 - z**3 + 5*z**2. What is h(5)?
9
Let x(p) be the third derivative of -p**4/8 + p**3/3 - 15*p**2 - 2*p. Calculate x(4).
-10
Let m = -6 + 4. Let j(q) = q + 28. Let y(s) = -9. Let w(b) = m*j(b) - 7*y(b). Calculate w(7).
-7
Let f(y) be the third derivative of -y**5/20 + y**4/12 + y**3/3 - 15*y**2. What is f(2)?
-6
Suppose -1 + 37 = 4*f. Let j(t) = 2*t + 4. What is j(f)?
22
Let o(n) = -n**2 - 1 - 3*n - 5*n - 7. Determine o(-7).
-1
Suppose 0 = -4*b - 2*w, 2*b - 16 = -2*b + 2*w. Suppose b*y = 5*y + i + 10, 0 = -y - 3*i + 10. Let o(q) = q**2 + 4*q - 1. What is o(y)?
4
Suppose 4*s + 0 + 22 = q, -4*s = 20. Let t(m) be the third derivative of 0*m + 3*m**q - 1/6*m**4 + 0 - 2/3*m**3 + 1/60*m**5. What is t(4)?
-4
Suppose -3*l + 4*l - s = 7, -s + 11 = 2*l. Let k(f) = f**3 - 5*f**2 - 6*f + 8. Determine k(l).
8
Let y(x) = -x**3 + 7*x - 5. Suppose -2*o = 2*f + 5 - 1, 13 = 4*f - 3*o. Let u(l) = l**2. Let d(s) = f*y(s) - 5*u(s). Calculate d(-6).
-11
Suppose 5*k + 35 = 5*q, 8*q - 4*q + 5*k + 17 = 0. Let z(y) = 4*y - y**2 + q*y**2 + 4*y - 3*y. Give z(-5).
0
Suppose 0 = -2*l + l + 2. Suppose -l*p - 2*p + 4 = 0. Let c be -2 + (p - 0) + 2. Let k(t) = -3*t + 1. What is k(c)?
-2
Let s(c) = -c**3 - 3*c**2 + 3*c + 4. Suppose 5*i + 3*x = -11, -i + 0*x - x - 1 = 0. Let b be (-6)/3*22/i. Suppose 3*y = -1 - b. Give s(y).
8
Let x = -7 - -3. Let k(p) = 6*p**2 + 3*p - 4. Let i(l) be the third derivative of l**5/60 - l**3/6 + 2*l**2. Let h(b) = x*i(b) + k(b). Give h(-2).
2
Let r(s) = s + 8. Let b be r(-5). Let c(j) = j**2 + 2*j**3 - j**b - 7*j - 7 + 4*j**2. Let x be c(-6). Let y(z) = 7*z**2 + 2*z + 1. What is y(x)?
6
Let t(a) = -1 - 2 - 5 - a. Let h(k) = k**3 + 14*k**2 - k - 8. Let y be h(-14). What is t(y)?
-14
Let z be 0 + (-8 + -1 - (0 - 3)). Let a(t) = -t**2 - 6*t + 8. Determine a(z).
8
Let v(q) be the first derivative of q**3/3 + 3*q**2 + 6*q - 11. Determine v(-5).
1
Let d(k) = -k**3 + 4*k**2 + 5*k + 1. Suppose 0 = 4*p - 2*p - 10. Give d(p).
1
Let n = -4 + 4. Let j(r) = 6*r**2 + 6*r - 2. Let v(z) = -5*z**2 - 5*z + 2. Let u(t) = 4*j(t) + 5*v(t). Give u(n).
2
Suppose -a - 10 = -5*p, -5*a - 2 = -3*p + 4. Let n(m) = p - 2 - 1 - 2*m. What is n(-2)?
3
Let x(o) = -o**3 - 6*o**2 + 2*o - 4. Let v be x(-6). Let z = v - -11. Let m(q) = q. Give m(z).
-5
Let x(w) be the third derivative of -w**4/12 - 2*w**3/3 + 9*w**2. Give x(3).
-10
Let q(n) = -2*n + 3. Let g be q(3). Let d(a) = a**3 + 4*a**2 + 2*a. Give d(g).
3
Let g(m) = m**2 - 7*m + 3. Suppose -2*v = 5*w - 27, 3*v + 0*w - 5*w = 3. Let x be (1 - -1)/2 - 0. Suppose o = -x + v. Calculate g(o).
-7
Let r(y) = 5*y - 1. Suppose 0 = -2*q + 3*p + 3, -2*q + 3*p = 3*q - 3. Suppose -4*f + 4 + 0 = q. Determine r(f).
4
Let y(o) = 5*o - 3. Let a be y(1). Let w(i) be the first derivative of -2*i**2 + 2*i + 1. Calculate w(a).
-6
Suppose 6*f = 3*f + 63. Let z = f - 13. Let l(j) = -j + 4. Give l(z).
-4
Let w(d) = 7*d. Let j(t) = -t**2 - t - 1. Let p(h) = 3*j(h) + w(h). Give p(2).
-7
Let v be 1 - (3 + -2) - -3. Suppose i - v*b = 6, -2*i + 0*b - 6 = 3*b. Let y(c) = 11 - 6 - c + 3. Give y(i).
8
Let a(w) = w - 2. Let b be a(2). Let d(p) = -p + 3. Let s be d(b). Let k(h) = 0*h - 2*h - s - 2*h. Determine k(-2).
5
Let z(m) = -2*m**3 + m**2 - 5*m + 3. Let g(k) = -k**3 + k**2 - 4*k + 2. Let y(l) = 3*g(l) - 2*z(l). Calculate y(-2).
0
Let o(c) be the first derivative of 7/3*c**3 - 1/4*c**4 - 5/2*c**2 + 0*c + 1. What is o(6)?
6
Suppose -2 = 2*r - 3*r. Let q(l) = 0*l + 6*l - 2*l - r*l. Give q(-3).
-6
Let b(h) = -19*h**2 - 13*h - 6. Let o(m) = -m - 1. Let s(v) = b(v) - 5*o(v). Let n(x) = -37*x**2 - 15*x - 2. Let d(g) = -6*n(g) + 11*s(g). Calculate d(-1).
12
Suppose y - 3*y + 5*u + 23 = 0, -5 = -5*y - 5*u. Suppose f - y*f = -9. Let n(d) = -2*d - d**2 - 3 + 2 - 2*d**2 + d**3. Give n(f).
-7
Let q = 0 + 3. Suppose m + 3*a = 2*m - 21, 2*a + 42 = q*m. Let u = -17 + m. Let g(l) = -l**2 - 5*l - 2. Determine g(u).
-2
Let p(q) = 4*q + 1. Let s(v) = v. Let c(m) = -2*p(m) + 7*s(m). Let l be (-6)/(9/(-6) + 3) + 7. Determine c(l).
-5
Let w(q) = 6*q + 4. Let d(m) = m. Let y(k) = -5*d(k) + w(k). Determine y(-4).
0
Let h(r) = -3*r + 3. Let s be h(2). Let f be 11/3 - (-2)/s. Suppose -5*a = -3*i - 22, 3*a - a + f*i + 8 = 0. Let d(m) = -3*m**2 + 3*m - 3. Give d(a).
-9
Let x(n) = 2*n - 6. Let c be 23/5 + (42/15)/7. Calculate x(c).
4
Suppose 0 = -z + 4, -4*h = -z + 4. Let o be -2 - (h + (5 - 2)). 